{"id":4808,"date":"2011-01-12T23:37:23","date_gmt":"2011-01-12T23:37:23","guid":{"rendered":"http:\/\/da.bsa.edu.lv\/?page_id=2"},"modified":"2025-03-06T20:03:50","modified_gmt":"2025-03-06T20:03:50","slug":"about","status":"publish","type":"page","link":"https:\/\/da.bsa.edu.lv\/?page_id=4808","title":{"rendered":"Par fili\u0101li"},"content":{"rendered":"<p><!--:lv--><\/p>\n<p style=\"text-align: justify;\">Baltijas Starptautisk\u0101 akad\u0113mija (BSA) ir liel\u0101k\u0101 priv\u0101t\u0101 augstskola Baltijas valst\u012bs, kur\u0101 stud\u0113 7000 studenti no 20 valst\u012bm. BSA \u012bsteno studijas p\u0113c akredit\u0113t\u0101m studiju programm\u0101m un 1999. gad\u0101 ir sa\u0146emta valsts beztermi\u0146a augstskolas akredit\u0101cija, kas dod ties\u012bbas izsniegt valsts parauga diplomus.<br \/>\nDaugavpils fili\u0101le darbojas no 1994. gada.<\/p>\n<p style=\"text-align: justify;\"><a href=\"http:\/\/da.bsa.edu.lv\/uploads\/bsa.jpg\"><img loading=\"lazy\" decoding=\"async\" class=\"alignnone size-full wp-image-233\" title=\"bsa_filiale\" src=\"http:\/\/da.bsa.edu.lv\/uploads\/bsa.jpg\" alt=\"\u0417\u0434\u0430\u043d\u0438\u0435 \u0444\u0438\u043b\u0438\u0430\u043b\u0430\" width=\"640\" height=\"300\" srcset=\"https:\/\/da.bsa.edu.lv\/wp-content\/uploads\/bsa.jpg 640w, https:\/\/da.bsa.edu.lv\/wp-content\/uploads\/bsa-300x141.jpg 300w\" sizes=\"auto, (max-width: 640px) 100vw, 640px\" \/><\/a><\/p>\n<p style=\"text-align: justify;\">Fili\u0101l\u0113 ir bag\u0101ta materi\u0101li tehnisk\u0101 b\u0101ze ar pla\u0161u bibliot\u0113kas fondu, ar pieeju intern\u0113tam, ar iesp\u0113ju izmantot jaun\u0101k\u0101s tehnolo\u0123ijas, taj\u0101 skait\u0101 teletiltus, internetkonsult\u0101cijas, elektronisk\u0101s datu b\u0101zes.<\/p>\n<p style=\"text-align: justify;\">Teletiltu izmanto\u0161ana dod iesp\u0113ju studentiem sa\u0146emt augstv\u0113rt\u012bgas zin\u0101\u0161anas, papla\u0161in\u0101s sadarb\u012bbas iesp\u0113jas ar pils\u0113tas un re\u0123iona uz\u0146\u0113m\u0113jiem, valsts iest\u0101\u017eu darbiniekiem, vidusskol\u0113niem, k\u0101 ar\u012b pla\u0161\u0101ku inform\u0101cijas apmai\u0146u ar valsts strukt\u016br\u0101m.<\/p>\n<p style=\"text-align: justify;\">Fili\u0101le pa visiem saviem past\u0101v\u0113\u0161anas gadiem k\u013cuvusi par patst\u0101v\u012bgu augst\u0101k\u0101s izgl\u012bt\u012bbas iest\u0101di ar sav\u0101m trad\u012bcij\u0101m, ar vair\u0101kiem Akad\u0113mijas absolventiem, kuri str\u0101d\u0101 vado\u0161ajos amatos Daugavpil\u012b, cit\u0101s Latvijas pils\u0113t\u0101s, k\u0101 ar\u012b Lietuv\u0101.<\/p>\n<p style=\"text-align: justify;\">Fili\u0101les organiz\u0113t\u0101s starptautisk\u0101s zin\u0101tnisk\u0101s konferences, piedal\u012b\u0161an\u0101s kop\u012bgos semin\u0101ros un projektos papla\u0161ina sadarb\u012bbas iesp\u0113jas ar p\u0101r\u0113j\u0101m Latgales re\u0123iona augst\u0101k\u0101s izgl\u012bt\u012bbas iest\u0101d\u0113m, k\u0101 ar\u012b sadarb\u012bbu ar starptautiskajiem partneriem.<\/p>\n<p><strong><em>M\u016aSU KOORDIN\u0100TES:<\/em><\/strong><br \/>\nDzelzce\u013cu iela 3, Daugavpils, LV \u2013 5401<br \/>\nT\u0101lr. 654 44236<br \/>\ne-pasts: info@da.bsa.edu.lv<br \/>\nhttp:\/\/daugavpils.bsa.edu.lv<!--:--><!--:ru--><\/p>\n","protected":false},"excerpt":{"rendered":"<p>Baltijas Starptautisk\u0101 akad\u0113mija (BSA) ir liel\u0101k\u0101 priv\u0101t\u0101 augstskola Baltijas valst\u012bs, kur\u0101 stud\u0113 7000 studenti no 20 valst\u012bm. BSA \u012bsteno studijas p\u0113c akredit\u0113t\u0101m studiju programm\u0101m un 1999. gad\u0101 ir sa\u0146emta valsts beztermi\u0146a augstskolas akredit\u0101cija, kas dod ties\u012bbas izsniegt valsts parauga diplomus. &hellip; <a href=\"https:\/\/da.bsa.edu.lv\/?page_id=4808\">Continue reading <span class=\"meta-nav\">&rarr;<\/span><\/a> <a href=\"https:\/\/da.bsa.edu.lv\/?page_id=4808\">Continue reading <span class=\"meta-nav\">&rarr;<\/span><\/a><\/p>\n","protected":false},"author":2,"featured_media":0,"parent":236,"menu_order":0,"comment_status":"closed","ping_status":"open","template":"","meta":{"footnotes":""},"class_list":["post-4808","page","type-page","status-publish","hentry"],"_links":{"self":[{"href":"https:\/\/da.bsa.edu.lv\/index.php?rest_route=\/wp\/v2\/pages\/4808","targetHints":{"allow":["GET"]}}],"collection":[{"href":"https:\/\/da.bsa.edu.lv\/index.php?rest_route=\/wp\/v2\/pages"}],"about":[{"href":"https:\/\/da.bsa.edu.lv\/index.php?rest_route=\/wp\/v2\/types\/page"}],"author":[{"embeddable":true,"href":"https:\/\/da.bsa.edu.lv\/index.php?rest_route=\/wp\/v2\/users\/2"}],"replies":[{"embeddable":true,"href":"https:\/\/da.bsa.edu.lv\/index.php?rest_route=%2Fwp%2Fv2%2Fcomments&post=4808"}],"version-history":[{"count":2,"href":"https:\/\/da.bsa.edu.lv\/index.php?rest_route=\/wp\/v2\/pages\/4808\/revisions"}],"predecessor-version":[{"id":5459,"href":"https:\/\/da.bsa.edu.lv\/index.php?rest_route=\/wp\/v2\/pages\/4808\/revisions\/5459"}],"up":[{"embeddable":true,"href":"https:\/\/da.bsa.edu.lv\/index.php?rest_route=\/wp\/v2\/pages\/236"}],"wp:attachment":[{"href":"https:\/\/da.bsa.edu.lv\/index.php?rest_route=%2Fwp%2Fv2%2Fmedia&parent=4808"}],"curies":[{"name":"wp","href":"https:\/\/api.w.org\/{rel}","templated":true}]}}