{"id":47,"date":"2011-01-14T16:45:10","date_gmt":"2011-01-14T14:45:10","guid":{"rendered":"http:\/\/da.bsa.edu.lv\/?page_id=47"},"modified":"2025-03-06T20:08:13","modified_gmt":"2025-03-06T20:08:13","slug":"%d0%bf%d1%80%d0%b8%d0%b5%d0%bc%d0%bd%d0%b0%d1%8f-%d0%ba%d0%be%d0%bc%d0%b8%d1%81%d1%81%d0%b8%d1%8f","status":"publish","type":"page","link":"https:\/\/da.bsa.edu.lv\/?page_id=47","title":{"rendered":"Uz\u0146em\u0161anas komisija"},"content":{"rendered":"<p><!--:lv--><strong>Uz\u0146em\u0161anas komisija:<\/strong><br \/>\nDzelzce\u013cu iela 3, Daugavpils, kab. 101<br \/>\nT\u0101lr.: 654 44236<br \/>\ne-pasts: <a href=\"mailto:info@da.bsa.edu.lv\">info@da.bsa.edu.lv<\/a><\/p>\n<p><strong>Darba laiks:<\/strong>:<br \/>\n<span data-olk-copy-source=\"MessageBody\">otrdiena-piektdiena: 10.00 \u2013 17.00<\/span><\/p>\n<p><!--:--><!--:ru--><\/p>\n<div class=\"entry-content\">\n<figure class=\"wp-block-image is-resized\"><img loading=\"lazy\" decoding=\"async\" class=\"wp-image-4554 size-large\" src=\"https:\/\/da2.bsa.edu.lv\/wp-content\/uploads\/BSA-GFK_2020-1024x511.jpg\" alt=\"\" width=\"640\" height=\"319\" srcset=\"https:\/\/da.bsa.edu.lv\/wp-content\/uploads\/BSA-GFK_2020-1024x511.jpg 1024w, https:\/\/da.bsa.edu.lv\/wp-content\/uploads\/BSA-GFK_2020-300x150.jpg 300w, https:\/\/da.bsa.edu.lv\/wp-content\/uploads\/BSA-GFK_2020-768x384.jpg 768w, https:\/\/da.bsa.edu.lv\/wp-content\/uploads\/BSA-GFK_2020-1536x767.jpg 1536w, https:\/\/da.bsa.edu.lv\/wp-content\/uploads\/BSA-GFK_2020-2048x1023.jpg 2048w, https:\/\/da.bsa.edu.lv\/wp-content\/uploads\/BSA-GFK_2020-1568x783.jpg 1568w\" sizes=\"auto, (max-width: 640px) 100vw, 640px\" \/><\/figure>\n<\/div>\n<p><!-- .entry-content --><\/p>\n","protected":false},"excerpt":{"rendered":"<p>Uz\u0146em\u0161anas komisija: Dzelzce\u013cu iela 3, Daugavpils, kab. 101 T\u0101lr.: 654 44236 e-pasts: info@da.bsa.edu.lv Darba laiks:: otrdiena-piektdiena: 10.00 \u2013 17.00 <a href=\"https:\/\/da.bsa.edu.lv\/?page_id=47\">Continue reading <span class=\"meta-nav\">&rarr;<\/span><\/a><\/p>\n","protected":false},"author":2,"featured_media":0,"parent":36,"menu_order":5,"comment_status":"closed","ping_status":"open","template":"","meta":{"footnotes":""},"class_list":["post-47","page","type-page","status-publish","hentry"],"_links":{"self":[{"href":"https:\/\/da.bsa.edu.lv\/index.php?rest_route=\/wp\/v2\/pages\/47","targetHints":{"allow":["GET"]}}],"collection":[{"href":"https:\/\/da.bsa.edu.lv\/index.php?rest_route=\/wp\/v2\/pages"}],"about":[{"href":"https:\/\/da.bsa.edu.lv\/index.php?rest_route=\/wp\/v2\/types\/page"}],"author":[{"embeddable":true,"href":"https:\/\/da.bsa.edu.lv\/index.php?rest_route=\/wp\/v2\/users\/2"}],"replies":[{"embeddable":true,"href":"https:\/\/da.bsa.edu.lv\/index.php?rest_route=%2Fwp%2Fv2%2Fcomments&post=47"}],"version-history":[{"count":6,"href":"https:\/\/da.bsa.edu.lv\/index.php?rest_route=\/wp\/v2\/pages\/47\/revisions"}],"predecessor-version":[{"id":5461,"href":"https:\/\/da.bsa.edu.lv\/index.php?rest_route=\/wp\/v2\/pages\/47\/revisions\/5461"}],"up":[{"embeddable":true,"href":"https:\/\/da.bsa.edu.lv\/index.php?rest_route=\/wp\/v2\/pages\/36"}],"wp:attachment":[{"href":"https:\/\/da.bsa.edu.lv\/index.php?rest_route=%2Fwp%2Fv2%2Fmedia&parent=47"}],"curies":[{"name":"wp","href":"https:\/\/api.w.org\/{rel}","templated":true}]}}